7, 29, 75583
List the prime factors of 607697447.
7, 86813921
List the prime factors of 204084719.
19, 10741301
What are the prime factors of 31075288?
2, 3884411
What are the prime factors of 29828602?
2, 14914301
List the prime factors of 231554006.
2, 115777003
List the prime factors of 678558788.
2, 23, 53, 317, 439
List the prime factors of 242597048.
2, 83, 365357
What are the prime factors of 2841048859?
11, 258277169
What are the prime factors of 615301900?
2, 5, 6153019
What are the prime factors of 72332908?
2, 379, 47713
What are the prime factors of 746583607?
7, 11, 9695891
List the prime factors of 40982518.
2, 2393, 8563
What are the prime factors of 2307341020?
2, 5, 89, 421, 3079
What are the prime factors of 10222521?
3, 79, 43133
What are the prime factors of 823734519?
3, 274578173
What are the prime factors of 3983798295?
3, 5, 29, 59, 5749
List the prime factors of 577794878.
2, 17, 41, 414487
List the prime factors of 1727475689.
17, 6691, 15187
What are the prime factors of 222648157?
4787, 46511
List the prime factors of 304090615.
5, 1571, 38713
What are the prime factors of 5202356221?
659, 2579, 3061
List the prime factors of 68698256.
2, 11, 73, 5347
List the prime factors of 1475893986.
2, 3, 7, 35140333
What are the prime factors of 137242158?
2, 3, 3559, 6427
List the prime factors of 4714316943.
3, 7, 59, 3804937
List the prime factors of 27193793.
11, 29, 85247
List the prime factors of 1280831311.
331, 3869581
List the prime factors of 72270777.
3, 163, 147793
What are the prime factors of 107955603?
3, 7, 29, 37, 1597
List the prime factors of 1389131944.
2, 173641493
What are the prime factors of 102765848?
2, 12845731
List the prime factors of 687403575.
3, 5, 37, 82571
What are the prime factors of 6233096646?
2, 3, 7, 23, 307261
List the prime factors of 1100696528.
2, 71, 563, 1721
List the prime factors of 1463274811.
83, 17629817
List the prime factors of 45447191.
1229, 36979
What are the prime factors of 111926738?
2, 7, 11, 726797
List the prime factors of 4870906405.
5, 19, 1249, 41051
What are the prime factors of 100241929?
19, 47, 112253
List the prime factors of 55861048.
2, 17, 431, 953
List the prime factors of 367665529.
7, 11, 4774877
List the prime factors of 2770423047.
3, 7, 1423, 10301
What are the prime factors of 463008293?
11, 42091663
What are the prime factors of 217255687?
11, 19750517
List the prime factors of 14226301.
757, 18793
What are the prime factors of 411827499?
3, 17, 613, 4391
List the prime factors of 5495394382.
2, 29, 107, 885497
List the prime factors of 188588674.
2, 103, 915479
List the prime factors of 1441705149.
3, 5932943
List the prime factors of 711147.
3, 223, 1063
What are the prime factors of 584569470?
2, 3, 5, 1249, 15601
List the prime factors of 78479338.
2, 7, 5605667
List the prime factors of 4242998850.
2, 3, 5, 193, 146563
List the prime factors of 707763840.
2, 3, 5, 7, 7523
List the prime factors of 96438341.
96438341
What are the prime factors of 331457978?
2, 67, 2473567
List the prime factors of 12481294.
2, 7, 891521
List the prime factors of 92383250.
2, 5, 41, 9013
What are the prime factors of 8662059038?
2, 4331029519
What are the prime factors of 127654475?
5, 13, 53, 7411
What are the prime factors of 43968975?
3, 5, 107, 5479
What are the prime factors of 3524818?
2, 11, 53, 3023
List the prime factors of 83939153.
83939153
List the prime factors of 338019207.
3, 9631, 11699
List the prime factors of 1545493760.
2, 5, 1207417
List the prime factors of 173145984.
2, 3, 11, 179, 229
What are the prime factors of 3237094410?
2, 3, 5, 11, 19, 516283
What are the prime factors of 1141708232?
2, 7, 2912521
List the prime factors of 91629143.
91629143
What are the prime factors of 95124968?
2, 11890621
What are the prime factors of 5199749544?
2, 3, 11, 43, 458047
List the prime factors of 268339550.
2, 5, 5366791
List the prime factors of 1377937234.
2, 109, 6320813
What are the prime factors of 318179842?
2, 4007, 39703
List the prime factors of 3147530361.
3, 3389, 309583
What are the prime factors of 103103973?
3, 7, 1636571
List the prime factors of 16017703.
13, 19, 64849
What are the prime factors of 4112080774?
2, 193, 10653059
What are the prime factors of 97691845?
5, 19538369
What are the prime factors of 79833661?
79833661
List the prime factors of 114177516.
2, 3, 9514793
What are the prime factors of 38854835?
5, 1229, 6323
List the prime factors of 2852042111.
17, 167767183
What are the prime factors of 103219338?
2, 3, 17203223
What are the prime factors of 27708598?
2, 43, 322193
What are the prime factors of 143122679?
7, 2920871
What are the prime factors of 1912683577?
7, 659, 414629
List the prime factors of 1822011227.
17, 311, 344621
What are the prime factors of 1860594874?
2, 19, 1171, 41813
What are the prime factors of 7486585?
5, 1497317
List the prime factors of 2513776295.
5, 251, 2003009
List the prime factors of 868613205.
3, 5, 983, 58909
List the prime factors of 27662549.
29, 953881
List the prime factors of 1535477059.
967, 1587877
What are the prime factors of 3654774312?
2, 3, 7, 21754609
What are the prime factors of 2147282542?
2, 83, 12935437
List the prime factors of 29185317.
3, 7, 41, 11299
What are the prime factors of 26675255?
5, 5335051
What are the prime factors of 4987905663?
3, 13, 29, 4410173
List the prime factors of 97901183.
97901183
List the prime factors of 351450372.
2, 3, 7, 13, 19, 1303
List the prime factors of 33567973.
33567973
What are the prime factors of 353406921?
3, 7, 41, 410461
List the prime factors of 70416646.
2, 35208323
List the prime factors of 1165277602.
2, 101, 5768701
List the prime factors of 36322441.
547, 66403
What are the prime factors of 27899620?
2, 5, 7, 83
List the prime factors of 111343726.
2, 13, 139, 30809
List the prime factors of 548339340.
2, 3, 5, 1291, 7079
List the prime factors of 241645473.
3, 379, 70843
List the prime factors of 1186817018.
2, 163, 3640543
List the prime factors of 4754144812.
2, 19, 29, 211, 10223
List the prime factors of 989158107.
3, 7, 17, 19, 145829
List the prime factors of 1143360812.
2, 11, 25985473
What are the prime factors of 2966270432?
2, 17, 5452703
What are the prime factors of 37635048?
2, 3, 11, 19, 41, 61
What are the prime factors of 3060045068?
2, 15199, 50333
What are the prime factors of 43336192?
2, 53, 1597
What are the prime factors of 198447278?
2, 229, 433291
What are the prime factors of 16041783?
3, 41, 3181
List the prime factors of 737003439.
3, 81889271
What are the prime factors of 1711537091?
11, 353, 379, 1163
List the prime factors of 666227693.
666227693
What are the prime factors of 1410886085?
5, 7, 71, 567761
List the prime factors of 4210084258.
2, 19, 4001, 27691
List the prime factors of 228858.
2, 3, 7, 5449
What are the prime factors of 47824171?
47824171
List the prime factors of 3210192106.
2, 11, 1487, 98129
List the prime factors of 548495595.
3, 5, 12188791
List the prime factors of 32582896.
2, 181, 11251
What are the prime factors of 195353137?
7, 17, 1641623
List the prime factors of 139444940.
2, 5, 1093, 6379
What are the prime factors of 159113891?
1607, 99013
List the prime factors of 38722549.
17, 2277797
What are the prime factors of 931610770?
2, 5, 93161077
What are the prime factors of 363948506?
2, 181974253
List the prime factors of 47601435.
3, 5, 7, 453347
List the prime factors of 636111598.
2, 23, 13828513
List the prime factors of 4696415.
5, 491, 1913
List the prime factors of 4723796644.
2, 7, 19, 181, 49057
What are the prime factors of 280371106?
2, 17, 19, 434011
List the prime factors of 19555625.
5, 67, 467
List the prime factors of 1415693348.
2, 29, 12204253
What are the prime factors of 552729849?
3, 7, 3760067
List the prime factors of 96044758.
2, 31, 151, 10259
What are the prime factors of 517020109?
199, 2598091
What are the prime factors of 29967621?
3, 443, 22549
List the prime factors of 18466437.
3, 11, 17, 32917
What are the prime factors of 488638573?
12841, 38053
What are the prime factors of 109887598?
2, 47, 1169017
List the prime factors of 276105794.
2, 67, 71, 29021
What are the prime factors of 283902392?
2, 367, 96697
Li